when 112 is divided by 32?
16
What is the remainder when 331 is divided by 41?
3
What is the remainder when 11106 is divided by 69?
66
What is the remainder when 96 is divided by 11?
8
What is the remainder when 91 is divided by 78?
13
What is the remainder when 388 is divided by 46?
20
What is the remainder when 1481 is divided by 250?
231
What is the remainder when 412 is divided by 52?
48
What is the remainder when 128 is divided by 76?
52
What is the remainder when 24682 is divided by 33?
31
What is the remainder when 9230 is divided by 51?
50
Calculate the remainder when 98 is divided by 32.
2
Calculate the remainder when 85972 is divided by 14.
12
Calculate the remainder when 373 is divided by 53.
2
Calculate the remainder when 108 is divided by 10.
8
Calculate the remainder when 561 is divided by 142.
135
Calculate the remainder when 656 is divided by 7.
5
Calculate the remainder when 476 is divided by 5.
1
What is the remainder when 8574 is divided by 33?
27
What is the remainder when 99 is divided by 47?
5
What is the remainder when 188 is divided by 19?
17
Calculate the remainder when 7803 is divided by 223.
221
Calculate the remainder when 17954 is divided by 134.
132
What is the remainder when 259 is divided by 29?
27
What is the remainder when 279 is divided by 102?
75
What is the remainder when 173 is divided by 54?
11
What is the remainder when 370 is divided by 72?
10
Calculate the remainder when 141 is divided by 41.
18
Calculate the remainder when 36 is divided by 8.
4
What is the remainder when 69 is divided by 49?
20
Calculate the remainder when 71 is divided by 29.
13
Calculate the remainder when 941 is divided by 105.
101
Calculate the remainder when 290 is divided by 33.
26
Calculate the remainder when 122 is divided by 18.
14
Calculate the remainder when 5904 is divided by 67.
8
What is the remainder when 4543 is divided by 91?
84
Calculate the remainder when 61 is divided by 60.
1
What is the remainder when 100 is divided by 30?
10
What is the remainder when 6691 is divided by 2229?
4
Calculate the remainder when 236 is divided by 71.
23
Calculate the remainder when 204 is divided by 41.
40
What is the remainder when 2038 is divided by 157?
154
What is the remainder when 178 is divided by 18?
16
What is the remainder when 627 is divided by 24?
3
Calculate the remainder when 19 is divided by 4.
3
What is the remainder when 88 is divided by 46?
42
Calculate the remainder when 108 is divided by 57.
51
What is the remainder when 470 is divided by 121?
107
Calculate the remainder when 33 is divided by 10.
3
Calculate the remainder when 132 is divided by 68.
64
What is the remainder when 42 is divided by 37?
5
What is the remainder when 139 is divided by 32?
11
What is the remainder when 71 is divided by 48?
23
What is the remainder when 407 is divided by 10?
7
Calculate the remainder when 549 is divided by 197.
155
Calculate the remainder when 644 is divided by 41.
29
Calculate the remainder when 84 is divided by 32.
20
What is the remainder when 323 is divided by 65?
63
Calculate the remainder when 598 is divided by 24.
22
Calculate the remainder when 77747 is divided by 203.
201
What is the remainder when 207 is divided by 42?
39
Calculate the remainder when 8078 is divided by 202.
200
Calculate the remainder when 29 is divided by 12.
5
Calculate the remainder when 33 is divided by 22.
11
What is the remainder when 255 is divided by 74?
33
What is the remainder when 11579 is divided by 193?
192
What is the remainder when 27520 is divided by 18?
16
Calculate the remainder when 10947 is divided by 7.
6
Calculate the remainder when 276 is divided by 42.
24
What is the remainder when 886 is divided by 27?
22
Calculate the remainder when 152 is divided by 48.
8
What is the remainder when 275 is divided by 69?
68
What is the remainder when 39 is divided by 1?
0
What is the remainder when 20798 is divided by 61?
58
Calculate the remainder when 26 is divided by 7.
5
Calculate the remainder when 118 is divided by 4.
2
Calculate the remainder when 48 is divided by 48.
0
What is the remainder when 9039 is divided by 5?
4
What is the remainder when 105 is divided by 37?
31
Calculate the remainder when 1364 is divided by 9.
5
Calculate the remainder when 11 is divided by 6.
5
Calculate the remainder when 107 is divided by 94.
13
Calculate the remainder when 737 is divided by 236.
29
What is the remainder when 337 is divided by 20?
17
Calculate the remainder when 491 is divided by 15.
11
What is the remainder when 1651 is divided by 23?
18
Calculate the remainder when 989 is divided by 62.
59
What is the remainder when 62 is divided by 19?
5
Calculate the remainder when 535 is divided by 7.
3
What is the remainder when 100 is divided by 53?
47
What is the remainder when 279 is divided by 73?
60
What is the remainder when 10558 is divided by 44?
42
Calculate the remainder when 24 is divided by 24.
0
What is the remainder when 231 is divided by 39?
36
Calculate the remainder when 94 is divided by 14.
10
Calculate the remainder when 201 is divided by 39.
6
Calculate the remainder when 539 is divided by 12.
11
What is the remainder when 3784 is divided by 31?
2
Calculate the remainder when 130 is divided by 40.
10
Calculate the remainder when 136 is divided by 23.
21
Calculate the remainder when 1409 is divided by 236.
229
What is the remainder when 1168 is divided by 15?
13
What is the remainder when 178 is divided by 12?
10
Calculate the remainder when 95 is divided by 7.
4
Calculate the remainder when 427 is divided by 116.
79
Calculate the remainder when 1165 is divided by 36.
13
Calculate the remainder when 586 is divided by 49.
47
Calculate the remainder when 404 is divided by 83.
72
What is the remainder when 181 is divided by 24?
13
Calculate the remainder when 2876 is divided by 76.
64
What is the remainder when 57 is divided by 12?
9
Calculate the remainder when 8939 is divided by 172.
167
What is the remainder when 1397 is divided by 175?
172
Calculate the remainder when 196 is divided by 127.
69
Calculate the remainder when 294 is divided by 23.
18
Calculate the remainder when 105 is divided by 14.
7
Calculate the remainder when 1212 is divided by 303.
0
What is the remainder when 53 is divided by 18?
17
Calculate the remainder when 150 is divided by 39.
33
Calculate the remainder when 1320 is divided by 53.
48
What is the remainder when 832 is divided by 17?
16
Calculate the remainder when 3336 is divided by 71.
70
What is the remainder when 133 is divided by 23?
18
Calculate the remainder when 2338 is divided by 26.
24
Calculate the remainder when 197 is divided by 27.
8
Calculate the remainder when 36 is divided by 14.
8
What is the remainder when 19 is divided by 2?
1
What is the remainder when 265 is divided by 136?
129
Calculate the remainder when 205 is divided by 18.
7
Calculate the remainder when 181 is divided by 39.
25
What is the remainder when 14208 is divided by 34?
30
Calculate the remainder when 491 is divided by 12.
11
What is the remainder when 983 is divided by 45?
38
What is the remainder when 87 is divided by 59?
28
What is the remainder when 343 is divided by 109?
16
What is the remainder when 917 is divided by 10?
7
Calculate the remainder when 1239 is divided by 405.
24
What is the remainder when 1800 is divided by 164?
160
Calculate the remainder when 203 is divided by 104.
99
Calculate the remainder when 32069 is divided by 30.
29
What is the remainder when 4584 is divided by 85?
79
What is the remainder when 642 is divided by 166?
144
Calculate the remainder when 1014 is divided by 35.
34
What is the remainder when 86 is divided by 18?
14
What is the remainder when 192 is divided by 51?
39
Calculate the remainder when 151 is divided by 13.
8
What is the remainder when 2588 is divided by 24?
20
Calculate the remainder when 5171 is divided by 371.
348
What is the remainder when 311 is divided by 99?
14
What is the remainder when 323 is divided by 130?
63
Calculate the remainder when 1153 is divided by 1148.
5
Calculate the remainder when 362 is divided by 91.
89
Calculate the remainder when 74 is divided by 69.
5
What is the remainder when 6628 is divided by 19?
16
Calculate the remainder when 638 